{"id":34549,"date":"2021-01-18T10:00:56","date_gmt":"2021-01-18T09:00:56","guid":{"rendered":"https:\/\/proveil.es\/?page_id=34549"},"modified":"2021-01-15T21:56:02","modified_gmt":"2021-01-15T20:56:02","slug":"bioinicia-y-csic-lanzan-la-mascarilla-viricida-proveil-con-filtro-de-nanofibras-que-desactiva-el-coronavirus-en-un-97-en-dos-horas","status":"publish","type":"page","link":"https:\/\/proveil.es\/blog\/notas-de-prensa\/bioinicia-y-csic-lanzan-la-mascarilla-viricida-proveil-con-filtro-de-nanofibras-que-desactiva-el-coronavirus-en-un-97-en-dos-horas\/","title":{"rendered":"Bioinicia y CSIC lanzan la mascarilla viricida PROVEIL\u00ae con filtro de nanofibras que desactiva el coronavirus en un 97% en dos horas."},"content":{"rendered":"<h1 style=\"text-align: center;\"><strong>Bioinicia y CSIC lanzan la mascarilla viricida PROVEIL\u00ae con filtro de nanofibras que desactiva el coronavirus en un 97% en dos horas.<\/strong><\/h1>\n<p>&nbsp;<\/p>\n<ul>\n<li>La principal diferencia con otros modelos similares es que el agente viricida o antimicrobiano, ya que tambi\u00e9n desactiva bacterias, va incluido dentro de las nanofibras del filtro de la mascarilla donde es m\u00e1s efectivo debido a que es donde los microorganismos se quedan atrapados.<\/li>\n<li>La efectividad de las mascarillas PROVEIL\u00ae con propiedades viricida y bactericida es muy alta. En un espacio de dos horas tras su contacto con el filtro, el coronavirus se desactiva hasta en un 97%. Mientras que, en el caso de las bacterias, en 1 hora de contacto el filtro inactiva el 99% de ellas y en 3 horas al 99,9%.<\/li>\n<li>La propiedad viricida estar\u00e1 disponible en toda la gama de mascarillas EPI anti-COVID19 desarrolladas por Bioinicia, incluyendo las nuevas mascarillas tipo EPI para ni\u00f1os PROVEIL\u00ae KIDS, que estar\u00e1n a la venta en los pr\u00f3ximos d\u00edas.<\/li>\n<li>La mascarilla EPI viricida PROVEIL\u00ae mantiene sus propiedades de filtraci\u00f3n durante m\u00e1s tiempo respecto a las FFP2 convencionales y adicionalmente tiene otras ventajas a\u00f1adidas como una\u00a0mejor evacuaci\u00f3n del calor, de la humedad y el CO<sub>2<\/sub> causados por la respiraci\u00f3n, por tanto, genera un mayor confort.<\/li>\n<\/ul>\n<p><strong>La empresa Bioinicia, junto con el CSIC, han desarrollado las mascarillas PROVEIL\u00ae con propiedades viricidas<\/strong>\u00a0con las que se pretende proteger al m\u00e1ximo a la poblaci\u00f3n frente a la COVID19.<\/p>\n<p><strong>Este avance, seg\u00fan explica Jos\u00e9 Mar\u00eda Lagar\u00f3n<\/strong>, Investigador de CSIC y l\u00edder del grupo de investigadores que ha desarrollado junto a Bioinicia el filtro de nanofibras PROVEIL\u00ae, destaca porque son <em>\u201c<strong>mascarillas con propiedades antimicrobianas que protegen frente a bacterias y virus<\/strong>. En nuestros ensayos no solamente hemos analizado microorganismos pat\u00f3genos, bacterias, como hacen algunas empresas que dan por v\u00e1lido el pensar que si mata bacterias tambi\u00e9n mata al coronavirus. No, nosotros hemos analizado la capacidad de matar bacterias comunes a las que nos enfrentamos y que habitualmente se encuentran en mascarillas y que se pueden respirar tambi\u00e9n en quir\u00f3fanos, en espacios sanitarios etc, y adem\u00e1s el comportamiento frente al virus modelo del coronavirus\u201d.<\/em><\/p>\n<h2><strong>Filtro viricida<\/strong><\/h2>\n<p>La clave de la efectividad pasiva y activa de las mascarillas <strong>PROVEIL\u00ae con propiedades viricidas se encuentra en su filtro, seg\u00fan afirma Lagar\u00f3n.<\/strong><\/p>\n<p><em>\u201cAdem\u00e1s, tambi\u00e9n nos han medido, en un centro ingl\u00e9s (Microbiological Solutions Ltd) siguiendo la norma ISO 18184:2019, la capacidad que tiene nuestra<strong> sustancia s\u00f3lida grado farmac\u00e9utico que hemos a\u00f1adido al filtro para inactivar el modelo del virus que causa la COVID19<\/strong>. En este caso, para probar la efectividad del componente del filtro viricida, lo hemos hecho con un tipo espec\u00edfico de coronavirus, un modelo equivalente del coronavirus que afecta a los humanos, el Feline Corona Virus, Strain Munich. Lo que dicho laboratorio ha medido nos ha sorprendido muy gratamente: <strong>el agente viricida que va incluido dentro del filtro de la mascarilla empieza a actuar en el mismo momento en el que entra en contacto con el virus. La clave de su efectividad es precisamente esta: aplicamos el tratamiento donde es m\u00e1s efectivo, en el filtro, porque es ah\u00ed donde se paran los microorganismos. Se quedan ah\u00ed varados porque no pueden pasar por la barrera mec\u00e1nica de las nanofibras del filtro y mientras est\u00e1n ah\u00ed retenidos, empieza a actuar el viricida<\/strong>. Lo que hemos visto es que <strong>el coronavirus se inactiva hasta en un 97%, en dos horas de contacto<\/strong>. Mientras que, en el caso de las <strong>bacterias, el filtro PROVEIL<\/strong><\/em><strong>\u00ae<\/strong><strong><em> con propiedades viricidas en tres horas de contacto inactiva al 99,9%<\/em><\/strong><em>\u201d.<\/em><\/p>\n<p>Para Lagar\u00f3n <em>\u201ces un producto muy eficaz dise\u00f1ado de una manera diferente a lo que hay en el mercado, donde los agentes antimicrobianos se suelen colocar como un recubrimiento sobre el exterior, pero claro, los aerosoles infectivos pueden atravesar f\u00e1cilmente la capa donde est\u00e1 el tratamiento viricida, ya que esta no tiene propiedades de filtraci\u00f3n. De esta manera, los microorganismos pasan la primera capa qued\u00e1ndose en el filtro, si este tiene unas capacidades buenas y certificadas de filtraci\u00f3n. Por este motivo nosotros, los cient\u00edficos participantes, pensamos que <strong>el procedimiento antimicrobiano eficaz es aquel en el cual el tratamiento act\u00faa cuando el virus o la bacteria se queda retenido y quieto, y esto ocurre principalmente en el filtro. Este tratamiento antimicrobiano propio del filtro, combinado con la capacidad total de filtraci\u00f3n frente a los aerosoles con carga viral infectiva, un buen ajuste de la mascarilla, y una pulverizaci\u00f3n con disoluci\u00f3n alcoh\u00f3lica de las capas internas y externas entre uso y uso, garantizan la seguridad \u00f3ptima para nuestras EPIs.\u201d<\/strong><\/em><\/p>\n<h2><strong>Un antes y un despu\u00e9s en el mundo de las mascarillas<\/strong><\/h2>\n<p>Las mascarillas <strong>PROVEIL\u00ae con propiedades viricidas <\/strong>suponen un avance \u00fanico en el mundo de las mascarillas. <em>\u201cAparte de ver que <strong>el sistema es eficiente,<\/strong> tambi\u00e9n lo que hemos hecho es dise\u00f1ar una <strong>mascarilla con todas las propiedades y el confort<\/strong> que te dan los <strong>filtros de nanofibras<\/strong>; esta mascarilla es m\u00e1s ligera, con ella es m\u00e1s f\u00e1cil <strong>evacuar el calor, humedad y el CO2<\/strong> y por tanto la combinaci\u00f3n de estas propiedades convierte a esta mascarilla EPI anti-COVID19 con viricida reci\u00e9n desarrollada en un <strong>producto \u00fanico en el mercado en este momento<\/strong>\u201d<\/em> se\u00f1ala Lagar\u00f3n.<\/p>\n<h2><strong>Producci\u00f3n y venta<\/strong><\/h2>\n<p>La mascarilla viricida <strong>PROVEIL\u00ae<\/strong>, se est\u00e1 produciendo en cantidades de millones al mes. Bioinicia comercializa estas mascarillas Proveil\u00ae a trav\u00e9s de su tienda electr\u00f3nica\u00a0<a href=\"http:\/\/proveil.es\/\">proveil.es<\/a>, aunque a lo largo de los pr\u00f3ximos meses, ir\u00e1 ampliando su distribuci\u00f3n a otros canales de comercializaci\u00f3n como las farmacias. <strong>La propiedad viricida estar\u00e1 disponible en toda la gama de mascarillas EPI anti-COVID19 <\/strong>desarrolladas por Bioinicia,<strong> incluyendo las nuevas mascarillas tipo EPI para ni\u00f1os PROVEIL\u00ae KIDS, que estar\u00e1n a la venta en los pr\u00f3ximos d\u00edas. <\/strong><\/p>\n<h2><strong>Ventajas de las mascarillas proveil\u00ae<\/strong><\/h2>\n<p>Las principales ventajas de las mascarillas PROVEIL\u00ae frente al resto de modelos es la <strong>ligereza de la mascarilla<\/strong> y <strong>que evac\u00faan mejor el calor, el CO2 y la humedad<\/strong> con lo cual desde un punto de vista de confortabilidad es importante.<\/p>\n<p>Para el equipo cient\u00edfico <strong>la otra ventaja fundamental<\/strong> es que este nuevo material de filtro no funciona en su capacidad de filtraci\u00f3n por cargas electroest\u00e1ticas. En los filtros tradicionales de todas las mascarillas el tama\u00f1o de poro es m\u00e1s grande que el tama\u00f1o del virus y el de los aerosoles infectivos y por tanto podr\u00edan pasar, pero como tienen cargas electroest\u00e1ticas, \u00e9stas paran, como cuando tenemos electricidadelectroest\u00e1tica y tocas la piel y los pelos se erizan, a los aerosoles infectivos al pasar\u201d<\/p>\n<p>Para Bioinicia esto<strong> es clave en la duraci\u00f3n de las mascarillas<\/strong>.<em> \u201c\u00bfQu\u00e9 es lo que ocurre? Que cuando yo llevo una mascarilla convencional y empiezo a utilizarla, al respirar se genera humedad y tambi\u00e9n cuando hay alta humedad en el ambiente o niebla que condensa. Esa humedad disipa estas cargas el\u00e9ctricas. Entonces por eso la durabilidad de las mascarillas en su eficiencia frente a la penetraci\u00f3n de estos aerosoles, part\u00edculas etc\u00e9tera es incierta ya que va cayendo con el tiempo y de una manera muy importante sobre todo en las quir\u00fargicas. En las quir\u00fargicas a las cuatro horas te recomiendan que la cambies \u00bfPor qu\u00e9? Porque esa respiraci\u00f3n, esa humedad de la respiraci\u00f3n, disipan ese efecto y por tanto pierde la eficiencia<\/em>\u201d, se\u00f1ala Lagar\u00f3n.<\/p>\n<p><strong>La ventaja del material de nanofibras frente al convencional<\/strong> es importante. <em>\u201cLa red de nanofibras que creamos es muy tupida y fina. Para que te hagas una idea comparativa, el material tradicional ser\u00eda como una red de tenis y nuestro material ser\u00eda como la malla de un mosquitero, el tama\u00f1o de los aerosoles infectivos pues imag\u00ednate que sea el de un guisante. Si t\u00fa tiras un guisante contra una red de tenis, lo m\u00e1s probable es que pase al otro lado, pero las fuerzas electroest\u00e1ticas lo atrapan. En nuestro caso, aunque t\u00fa tires guisantes a una malla o a una mosquitera no va a pasar ninguno. De hecho, las mascarillas de nanofibras que hemos desarrollado ofrecen una capacidad de filtraci\u00f3n del 100% frente a los denominados aerosoles infectivos, con tama\u00f1os superiores a 0,6 micras.<\/em><\/p>\n<p><em>Nuestros filtros de nanofibras ofrecen por tanto una <strong>filtraci\u00f3n mec\u00e1nica que es permanente, lo que instant\u00e1neamente se traduce tambi\u00e9n en una mayor durabilidad, incluso en condiciones de alta humedad ambiental<\/strong>.\u201d<\/em><\/p>\n<h2><strong>PROVEIL\u00ae<\/strong> <strong>barrera protectora <\/strong><\/h2>\n<p>La protecci\u00f3n de las mascarillas PROVEIL\u00ae es mayor gracias a la <strong>barrera infranqueable que se produce entre el virus y nosotros.<\/strong> Seg\u00fan palabras de Lagar\u00f3n, <em>\u201cel tama\u00f1o de poro que se genera en nuestros filtros de nanofibras puede ser tan peque\u00f1o como el tama\u00f1o del virus. Pero adicionalmente a eso dentro de ese material del filtro yo le puedo incorporar otras sustancias. Nosotros introducimos un viricida s\u00f3lido grado farmac\u00e9utico que funciona por contacto dentro del filtro, en el core, en el interior de la mascarilla, justo donde se frena el virus.\u201d<\/em><\/p>\n<h2><strong>PROVEIL\u00ae desinfecci\u00f3n<\/strong><\/h2>\n<p>Una de las grandes ventajas de la mascarilla PROVEIL\u00ae es la posibilidad de<strong> aumentar su durabilidad y seguridad gracias a su desinfecci\u00f3n<\/strong>. <em>\u201cInvestigaciones realizadas recientemente por cient\u00edficos americanos, publicadas por la American Chemical Society y confirmadas por nosotros, explican c\u00f3mo se puede desinfectar estas mascarillas con pulverizaci\u00f3n de disoluciones de alcohol a 70\u00ba y\/o con inmersi\u00f3n en alcohol, mientras que con el material tradicional eso no se puede hacer debido a que pierden las cargas electrost\u00e1ticas y por tanto sus propiedades de filtraci\u00f3n\u201d<\/em>, indica Lagar\u00f3n.<\/p>\n<h3><strong>Sobre BIOINICIA<\/strong><\/h3>\n<p>Cuando estall\u00f3 la pandemia, los trabajadores de la salud sufrieron por la falta de suministro de equipo de protecci\u00f3n cr\u00edtico. Para responder a esta demanda, el Consejo Superior de Investigaciones Cient\u00edficas (CSIC) y Bioinicia dedicaron sus recursos al desarrollo de un nuevo filtro de mascarilla respiratoria que proteger\u00eda a los trabajadores clave del virus, y Bioinicia pivot\u00f3 su planta de fabricaci\u00f3n farmac\u00e9utica para producir y suministrar PROVEIL\u00ae a fabricantes espa\u00f1oles de mascarillas. <strong>Bioinicia<\/strong> es una empresa spin-off de CSIC, dedicada al desarrollo, fabricaci\u00f3n y comercializaci\u00f3n de productos basados en nanofibras y con un s\u00f3lido departamento de ingenier\u00eda.<\/p>\n<p>&nbsp;<\/p>\n<p><strong>M\u00c1S INFORMACI\u00d3N, CONTACTO Y ENTREVISTAS<\/strong><\/p>\n<p>Susana Remoh\u00ed<\/p>\n<p><a href=\"mailto:susana@agenciaop.es\">susana@agenciaop.es<\/a><\/p>\n<p>Tel: 655840535<\/p>\n<p>Hugo Rom\u00e1n<\/p>\n<p><a href=\"mailto:hugo@agenciaop.es\">hugo@agenciaop.es<\/a><\/p>\n<p>Tel: 610801941<\/p>\n","protected":false},"excerpt":{"rendered":"<p>Bioinicia y CSIC lanzan la mascarilla viricida PROVEIL\u00ae con filtro de nanofibras que desactiva el coronavirus en un 97% en dos horas. &nbsp; La principal diferencia con otros modelos similares es que el agente viricida o antimicrobiano, ya que tambi\u00e9n desactiva bacterias, va incluido dentro de las nanofibras del filtro de la mascarilla donde es [&#8230;]\n","protected":false},"author":311,"featured_media":0,"parent":34476,"menu_order":0,"comment_status":"closed","ping_status":"closed","template":"","meta":[],"yoast_head":"<!-- This site is optimized with the Yoast SEO plugin v18.2 - https:\/\/yoast.com\/wordpress\/plugins\/seo\/ -->\n<title>Bioinicia y CSIC lanzan la mascarilla viricida PROVEIL\u00ae con filtro de nanofibras que desactiva el coronavirus en un 97% en dos horas. -<\/title>\n<meta name=\"robots\" content=\"index, follow, max-snippet:-1, max-image-preview:large, max-video-preview:-1\" \/>\n<link rel=\"canonical\" href=\"https:\/\/proveil.es\/blog\/notas-de-prensa\/bioinicia-y-csic-lanzan-la-mascarilla-viricida-proveil-con-filtro-de-nanofibras-que-desactiva-el-coronavirus-en-un-97-en-dos-horas\/\" \/>\n<meta property=\"og:locale\" content=\"es_ES\" \/>\n<meta property=\"og:type\" content=\"article\" \/>\n<meta property=\"og:title\" content=\"Bioinicia y CSIC lanzan la mascarilla viricida PROVEIL\u00ae con filtro de nanofibras que desactiva el coronavirus en un 97% en dos horas. -\" \/>\n<meta property=\"og:description\" content=\"Bioinicia y CSIC lanzan la mascarilla viricida PROVEIL\u00ae con filtro de nanofibras que desactiva el coronavirus en un 97% en dos horas. &nbsp; La principal diferencia con otros modelos similares es que el agente viricida o antimicrobiano, ya que tambi\u00e9n desactiva bacterias, va incluido dentro de las nanofibras del filtro de la mascarilla donde es [...]\" \/>\n<meta property=\"og:url\" content=\"https:\/\/proveil.es\/blog\/notas-de-prensa\/bioinicia-y-csic-lanzan-la-mascarilla-viricida-proveil-con-filtro-de-nanofibras-que-desactiva-el-coronavirus-en-un-97-en-dos-horas\/\" \/>\n<meta property=\"article:modified_time\" content=\"2021-01-15T20:56:02+00:00\" \/>\n<meta property=\"og:image\" content=\"https:\/\/proveil.es\/blog\/wp-content\/uploads\/2020\/09\/proveil-social.jpg\" \/>\n\t<meta property=\"og:image:width\" content=\"400\" \/>\n\t<meta property=\"og:image:height\" content=\"200\" \/>\n\t<meta property=\"og:image:type\" content=\"image\/jpeg\" \/>\n<meta name=\"twitter:card\" content=\"summary\" \/>\n<meta name=\"twitter:site\" content=\"@bioinicia\" \/>\n<meta name=\"twitter:label1\" content=\"Tiempo de lectura\" \/>\n\t<meta name=\"twitter:data1\" content=\"9 minutos\" \/>\n<script type=\"application\/ld+json\" class=\"yoast-schema-graph\">{\"@context\":\"https:\/\/schema.org\",\"@graph\":[{\"@type\":\"Organization\",\"@id\":\"https:\/\/proveil.es\/blog\/#organization\",\"name\":\"BioInicia\",\"url\":\"https:\/\/proveil.es\/blog\/\",\"sameAs\":[\"https:\/\/www.instagram.com\/bioinicia\/?hl=en\",\"https:\/\/www.linkedin.com\/company\/2715089\/admin\/\",\"https:\/\/www.youtube.com\/channel\/UC_nDbEcrhtLCtfjTTZDe-AQ\/videos\",\"https:\/\/twitter.com\/bioinicia\"],\"logo\":{\"@type\":\"ImageObject\",\"@id\":\"https:\/\/proveil.es\/blog\/#logo\",\"inLanguage\":\"es\",\"url\":\"https:\/\/proveil.es\/blog\/wp-content\/uploads\/2020\/09\/proveil-social.jpg\",\"contentUrl\":\"https:\/\/proveil.es\/blog\/wp-content\/uploads\/2020\/09\/proveil-social.jpg\",\"width\":400,\"height\":200,\"caption\":\"BioInicia\"},\"image\":{\"@id\":\"https:\/\/proveil.es\/blog\/#logo\"}},{\"@type\":\"WebSite\",\"@id\":\"https:\/\/proveil.es\/blog\/#website\",\"url\":\"https:\/\/proveil.es\/blog\/\",\"name\":\"\",\"description\":\"\",\"publisher\":{\"@id\":\"https:\/\/proveil.es\/blog\/#organization\"},\"potentialAction\":[{\"@type\":\"SearchAction\",\"target\":{\"@type\":\"EntryPoint\",\"urlTemplate\":\"https:\/\/proveil.es\/blog\/?s={search_term_string}\"},\"query-input\":\"required name=search_term_string\"}],\"inLanguage\":\"es\"},{\"@type\":\"WebPage\",\"@id\":\"https:\/\/proveil.es\/blog\/notas-de-prensa\/bioinicia-y-csic-lanzan-la-mascarilla-viricida-proveil-con-filtro-de-nanofibras-que-desactiva-el-coronavirus-en-un-97-en-dos-horas\/#webpage\",\"url\":\"https:\/\/proveil.es\/blog\/notas-de-prensa\/bioinicia-y-csic-lanzan-la-mascarilla-viricida-proveil-con-filtro-de-nanofibras-que-desactiva-el-coronavirus-en-un-97-en-dos-horas\/\",\"name\":\"Bioinicia y CSIC lanzan la mascarilla viricida PROVEIL\u00ae con filtro de nanofibras que desactiva el coronavirus en un 97% en dos horas. -\",\"isPartOf\":{\"@id\":\"https:\/\/proveil.es\/blog\/#website\"},\"datePublished\":\"2021-01-18T09:00:56+00:00\",\"dateModified\":\"2021-01-15T20:56:02+00:00\",\"breadcrumb\":{\"@id\":\"https:\/\/proveil.es\/blog\/notas-de-prensa\/bioinicia-y-csic-lanzan-la-mascarilla-viricida-proveil-con-filtro-de-nanofibras-que-desactiva-el-coronavirus-en-un-97-en-dos-horas\/#breadcrumb\"},\"inLanguage\":\"es\",\"potentialAction\":[{\"@type\":\"ReadAction\",\"target\":[\"https:\/\/proveil.es\/blog\/notas-de-prensa\/bioinicia-y-csic-lanzan-la-mascarilla-viricida-proveil-con-filtro-de-nanofibras-que-desactiva-el-coronavirus-en-un-97-en-dos-horas\/\"]}]},{\"@type\":\"BreadcrumbList\",\"@id\":\"https:\/\/proveil.es\/blog\/notas-de-prensa\/bioinicia-y-csic-lanzan-la-mascarilla-viricida-proveil-con-filtro-de-nanofibras-que-desactiva-el-coronavirus-en-un-97-en-dos-horas\/#breadcrumb\",\"itemListElement\":[{\"@type\":\"ListItem\",\"position\":1,\"name\":\"Portada\",\"item\":\"https:\/\/proveil.es\/blog\/\"},{\"@type\":\"ListItem\",\"position\":2,\"name\":\"Notas de Prensa\",\"item\":\"https:\/\/proveil.es\/blog\/notas-de-prensa\/\"},{\"@type\":\"ListItem\",\"position\":3,\"name\":\"Bioinicia y CSIC lanzan la mascarilla viricida PROVEIL\u00ae con filtro de nanofibras que desactiva el coronavirus en un 97% en dos horas.\"}]}]}<\/script>\n<!-- \/ Yoast SEO plugin. -->","yoast_head_json":{"title":"Bioinicia y CSIC lanzan la mascarilla viricida PROVEIL\u00ae con filtro de nanofibras que desactiva el coronavirus en un 97% en dos horas. -","robots":{"index":"index","follow":"follow","max-snippet":"max-snippet:-1","max-image-preview":"max-image-preview:large","max-video-preview":"max-video-preview:-1"},"canonical":"https:\/\/proveil.es\/blog\/notas-de-prensa\/bioinicia-y-csic-lanzan-la-mascarilla-viricida-proveil-con-filtro-de-nanofibras-que-desactiva-el-coronavirus-en-un-97-en-dos-horas\/","og_locale":"es_ES","og_type":"article","og_title":"Bioinicia y CSIC lanzan la mascarilla viricida PROVEIL\u00ae con filtro de nanofibras que desactiva el coronavirus en un 97% en dos horas. -","og_description":"Bioinicia y CSIC lanzan la mascarilla viricida PROVEIL\u00ae con filtro de nanofibras que desactiva el coronavirus en un 97% en dos horas. &nbsp; La principal diferencia con otros modelos similares es que el agente viricida o antimicrobiano, ya que tambi\u00e9n desactiva bacterias, va incluido dentro de las nanofibras del filtro de la mascarilla donde es [...]","og_url":"https:\/\/proveil.es\/blog\/notas-de-prensa\/bioinicia-y-csic-lanzan-la-mascarilla-viricida-proveil-con-filtro-de-nanofibras-que-desactiva-el-coronavirus-en-un-97-en-dos-horas\/","article_modified_time":"2021-01-15T20:56:02+00:00","og_image":[{"width":400,"height":200,"url":"https:\/\/proveil.es\/blog\/wp-content\/uploads\/2020\/09\/proveil-social.jpg","type":"image\/jpeg"}],"twitter_card":"summary","twitter_site":"@bioinicia","twitter_misc":{"Tiempo de lectura":"9 minutos"},"schema":{"@context":"https:\/\/schema.org","@graph":[{"@type":"Organization","@id":"https:\/\/proveil.es\/blog\/#organization","name":"BioInicia","url":"https:\/\/proveil.es\/blog\/","sameAs":["https:\/\/www.instagram.com\/bioinicia\/?hl=en","https:\/\/www.linkedin.com\/company\/2715089\/admin\/","https:\/\/www.youtube.com\/channel\/UC_nDbEcrhtLCtfjTTZDe-AQ\/videos","https:\/\/twitter.com\/bioinicia"],"logo":{"@type":"ImageObject","@id":"https:\/\/proveil.es\/blog\/#logo","inLanguage":"es","url":"https:\/\/proveil.es\/blog\/wp-content\/uploads\/2020\/09\/proveil-social.jpg","contentUrl":"https:\/\/proveil.es\/blog\/wp-content\/uploads\/2020\/09\/proveil-social.jpg","width":400,"height":200,"caption":"BioInicia"},"image":{"@id":"https:\/\/proveil.es\/blog\/#logo"}},{"@type":"WebSite","@id":"https:\/\/proveil.es\/blog\/#website","url":"https:\/\/proveil.es\/blog\/","name":"","description":"","publisher":{"@id":"https:\/\/proveil.es\/blog\/#organization"},"potentialAction":[{"@type":"SearchAction","target":{"@type":"EntryPoint","urlTemplate":"https:\/\/proveil.es\/blog\/?s={search_term_string}"},"query-input":"required name=search_term_string"}],"inLanguage":"es"},{"@type":"WebPage","@id":"https:\/\/proveil.es\/blog\/notas-de-prensa\/bioinicia-y-csic-lanzan-la-mascarilla-viricida-proveil-con-filtro-de-nanofibras-que-desactiva-el-coronavirus-en-un-97-en-dos-horas\/#webpage","url":"https:\/\/proveil.es\/blog\/notas-de-prensa\/bioinicia-y-csic-lanzan-la-mascarilla-viricida-proveil-con-filtro-de-nanofibras-que-desactiva-el-coronavirus-en-un-97-en-dos-horas\/","name":"Bioinicia y CSIC lanzan la mascarilla viricida PROVEIL\u00ae con filtro de nanofibras que desactiva el coronavirus en un 97% en dos horas. -","isPartOf":{"@id":"https:\/\/proveil.es\/blog\/#website"},"datePublished":"2021-01-18T09:00:56+00:00","dateModified":"2021-01-15T20:56:02+00:00","breadcrumb":{"@id":"https:\/\/proveil.es\/blog\/notas-de-prensa\/bioinicia-y-csic-lanzan-la-mascarilla-viricida-proveil-con-filtro-de-nanofibras-que-desactiva-el-coronavirus-en-un-97-en-dos-horas\/#breadcrumb"},"inLanguage":"es","potentialAction":[{"@type":"ReadAction","target":["https:\/\/proveil.es\/blog\/notas-de-prensa\/bioinicia-y-csic-lanzan-la-mascarilla-viricida-proveil-con-filtro-de-nanofibras-que-desactiva-el-coronavirus-en-un-97-en-dos-horas\/"]}]},{"@type":"BreadcrumbList","@id":"https:\/\/proveil.es\/blog\/notas-de-prensa\/bioinicia-y-csic-lanzan-la-mascarilla-viricida-proveil-con-filtro-de-nanofibras-que-desactiva-el-coronavirus-en-un-97-en-dos-horas\/#breadcrumb","itemListElement":[{"@type":"ListItem","position":1,"name":"Portada","item":"https:\/\/proveil.es\/blog\/"},{"@type":"ListItem","position":2,"name":"Notas de Prensa","item":"https:\/\/proveil.es\/blog\/notas-de-prensa\/"},{"@type":"ListItem","position":3,"name":"Bioinicia y CSIC lanzan la mascarilla viricida PROVEIL\u00ae con filtro de nanofibras que desactiva el coronavirus en un 97% en dos horas."}]}]}},"_links":{"self":[{"href":"https:\/\/proveil.es\/blog\/wp-json\/wp\/v2\/pages\/34549"}],"collection":[{"href":"https:\/\/proveil.es\/blog\/wp-json\/wp\/v2\/pages"}],"about":[{"href":"https:\/\/proveil.es\/blog\/wp-json\/wp\/v2\/types\/page"}],"author":[{"embeddable":true,"href":"https:\/\/proveil.es\/blog\/wp-json\/wp\/v2\/users\/311"}],"replies":[{"embeddable":true,"href":"https:\/\/proveil.es\/blog\/wp-json\/wp\/v2\/comments?post=34549"}],"version-history":[{"count":1,"href":"https:\/\/proveil.es\/blog\/wp-json\/wp\/v2\/pages\/34549\/revisions"}],"predecessor-version":[{"id":34550,"href":"https:\/\/proveil.es\/blog\/wp-json\/wp\/v2\/pages\/34549\/revisions\/34550"}],"up":[{"embeddable":true,"href":"https:\/\/proveil.es\/blog\/wp-json\/wp\/v2\/pages\/34476"}],"wp:attachment":[{"href":"https:\/\/proveil.es\/blog\/wp-json\/wp\/v2\/media?parent=34549"}],"curies":[{"name":"wp","href":"https:\/\/api.w.org\/{rel}","templated":true}]}}