{"id":431,"date":"2020-09-11T08:34:30","date_gmt":"2020-09-11T08:34:30","guid":{"rendered":"https:\/\/proveil.es\/?page_id=431"},"modified":"2021-10-29T12:30:26","modified_gmt":"2021-10-29T10:30:26","slug":"sobre-nosotros-2","status":"publish","type":"page","link":"https:\/\/proveil.es\/blog\/sobre-nosotros-2\/","title":{"rendered":"Sobre nosotros"},"content":{"rendered":"\t<section class=\"section presentacionb\" id=\"section_2100899371\">\n\t\t<div class=\"bg section-bg fill bg-fill  bg-loaded\" >\n\n\t\t\t\n\t\t\t\n\t\t\t\n\n\t\t<\/div>\n\n\t\t<div class=\"section-content relative\">\n\t\t\t\n<div class=\"row\"  id=\"row-447645640\">\n\n\t<div id=\"col-939286723\" class=\"col small-12 large-12\"  >\n\t\t<div class=\"col-inner\"  >\n\t\t\t\n\t\t\t\n<h1>Sobre nosotros<\/h1>\n<div class=\"titulo-div\"><b><\/b><img loading=\"lazy\" class=\"size-full wp-image-595\" src=\"https:\/\/proveil.es\/wp-content\/uploads\/2020\/09\/mascarilla-medica-2.png\" alt=\"\" width=\"64\" height=\"64\" \/><b><\/b><\/div>\n\t\t<\/div>\n\t\t\t<\/div>\n\n\t\n<\/div>\n\t\t<\/div>\n\n\t\t\n<style>\n#section_2100899371 {\n  padding-top: 30px;\n  padding-bottom: 30px;\n  background-color: rgb(249, 250, 251);\n}\n<\/style>\n\t<\/section>\n\t\n\t<section class=\"section\" id=\"section_1450283695\">\n\t\t<div class=\"bg section-bg fill bg-fill  bg-loaded\" >\n\n\t\t\t\n\t\t\t\n\t\t\t\n\n\t\t<\/div>\n\n\t\t<div class=\"section-content relative\">\n\t\t\t\n<div class=\"row align-middle\"  id=\"row-1622845708\">\n\n\t<div id=\"col-556951048\" class=\"col medium-4 small-12 large-4\"  >\n\t\t<div class=\"col-inner text-center\"  >\n\t\t\t\n\t\t\t\n<p><img loading=\"lazy\" class=\"size-full wp-image-440\" src=\"https:\/\/proveil.es\/wp-content\/uploads\/2020\/09\/foto-quienes-somos.jpg\" alt=\"\" width=\"600\" height=\"400\" srcset=\"https:\/\/proveil.es\/blog\/wp-content\/uploads\/2020\/09\/foto-quienes-somos.jpg 600w, https:\/\/proveil.es\/blog\/wp-content\/uploads\/2020\/09\/foto-quienes-somos-505x337.jpg 505w, https:\/\/proveil.es\/blog\/wp-content\/uploads\/2020\/09\/foto-quienes-somos-300x200.jpg 300w, https:\/\/proveil.es\/blog\/wp-content\/uploads\/2020\/09\/foto-quienes-somos-238x159.jpg 238w, https:\/\/proveil.es\/blog\/wp-content\/uploads\/2020\/09\/foto-quienes-somos-510x340.jpg 510w\" sizes=\"(max-width: 600px) 100vw, 600px\" \/><\/p>\n\t\t<\/div>\n\t\t\t<\/div>\n\n\t\n\n\t<div id=\"col-280244958\" class=\"col justificado medium-8 small-12 large-8\"  >\n\t\t<div class=\"col-inner\"  >\n\t\t\t\n\t\t\t\n<p>Bioinicia es una empresa global, basada en Valencia, spin-off del <a href=\"https:\/\/www.csic.es\/\">Consejo Superior de Investigaciones Cient\u00edficas (CSIC)<\/a>. Bioinicia es empresa l\u00edder en el desarrollo y fabricaci\u00f3n a escala industrial de materiales estructurados en nanofibras y nanopart\u00edculas, as\u00ed como la encapsulaci\u00f3n de bioactivos por medio de las tecnolog\u00edas del electrospinning y electrospraying.<\/p>\n<p>Bioinicia cuenta con la primera planta industrial en el mundo de fabricaci\u00f3n de fibras y part\u00edculas certificada GMP e ISO 13485 para la fabricaci\u00f3n de productos farmac\u00e9uticos.<\/p>\n<p>Actualmente, el CSIC y Bioinicia se encuentran desarrollando filtros de nanofibras PROVEIL\u00ae para la fabricaci\u00f3n de mascarillas con una filtraci\u00f3n mec\u00e1nica, lo que supone que el rendimiento del filtro se mantiene a lo largo del tiempo o con exposici\u00f3n a la humedad.<\/p>\n\t\t<\/div>\n\t\t\t<\/div>\n\n\t\n<\/div>\n\t\t<\/div>\n\n\t\t\n<style>\n#section_1450283695 {\n  padding-top: 30px;\n  padding-bottom: 30px;\n  background-color: rgb(249, 250, 251);\n}\n<\/style>\n\t<\/section>\n\t\n<div class=\"row\"  id=\"row-1257230525\">\n\n\t<div id=\"col-174350567\" class=\"col small-12 large-12\"  >\n\t\t<div class=\"col-inner\"  >\n\t\t\t\n\t\t\t\n<h2 style=\"text-align: center;\">EL VALOR DE LA IP EN INNOVACI\u00d3N: EL CASO DE \u00c9XITO DE LAS MASCARILLAS PROVEIL\u00aeBIOMASK<\/h2>\n\t\t<\/div>\n\t\t\t<\/div>\n\n\t\n<\/div>\n<div class=\"row\"  id=\"row-516544726\">\n\n\t<div id=\"col-1991205668\" class=\"col small-12 large-12\"  >\n\t\t<div class=\"col-inner\"  >\n\t\t\t\n\t\t\t\n<p style=\"text-align: center;\">Las pymes suponen el 90% de mapa empresarial en el mundo y constituyen el 70% del empleo mundial. En Espa\u00f1a, seg\u00fan un reciente informe de la\u00a0<b>OCDE<\/b>, la presencia de compa\u00f1\u00edas con hasta 250 trabajadores tiene un peso superior al 60% del valor de la econom\u00eda y representan a cerca del 99% de nuestro tejido empresarial. Por su importancia estrat\u00e9gica y con motivo de la celebraci\u00f3n cada 26 de abril del\u00a0<b>D\u00eda Mundial de la Propiedad Intelectual<\/b>, la\u00a0<b>OMPI\u00a0<\/b>-Organizaci\u00f3n Mundial de la Propiedad Intelectual- ha querido este a\u00f1o poner el foco en estos \u201c\u00b4h\u00e9roes silenciosos\u201d de la econom\u00eda.<\/p>\n\t\t<\/div>\n\t\t\t<\/div>\n\n\t\n<\/div>\n<div class=\"row\"  id=\"row-2061443718\">\n\n\t<div id=\"col-376963077\" class=\"col medium-6 small-12 large-6\"  >\n\t\t<div class=\"col-inner text-left\"  >\n\t\t\t\n\t<div class=\"is-border\"\n\t\tstyle=\"border-width:0px 0px 0px 0px;margin:0px 0px 0px 0px;\">\n\t<\/div>\n\t\t\t\n\t<div id=\"gap-1204719991\" class=\"gap-element clearfix\" style=\"display:block; height:auto;\">\n\t\t\n<style>\n#gap-1204719991 {\n  padding-top: 0px;\n}\n<\/style>\n\t<\/div>\n\t\n<p style=\"text-align: center;\">Con el lema\u00a0<i>\u201cLa Propiedad Industrial e Intelectual y las PYMEs: De la idea al mercado\u201d<\/i>, la OMPI se suma al objetivo de transmitir a este tipo de empresas c\u00f3mo una buena estrategia de protecci\u00f3n de sus activos intangibles contribuye a su crecimiento, favorece su internacionalizaci\u00f3n y fortalece su resiliencia ante situaciones econ\u00f3micas complejas como la actual.<\/p>\n<p style=\"text-align: center;\">Desde nuestro firme compromiso como compa\u00f1\u00eda con la innovaci\u00f3n en el ADN, en\u00a0<b>PONS IP<\/b>\u00a0queremos celebrar el\u00a0<b>D\u00eda Mundial de la Propiedad Intelectual<\/b>\u00a0compartiendo la intrahistoria de uno de los mayores casos empresariales de \u00e9xito en Espa\u00f1a surgidos durante la pandemia.<\/p>\n\t\t<\/div>\n\t\t\n<style>\n#col-376963077 > .col-inner {\n  padding: 0px 0px 0px 0px;\n  margin: 0px 0px 0px 0px;\n}\n<\/style>\n\t<\/div>\n\n\t\n\n\t<div id=\"col-1311983137\" class=\"col medium-6 small-12 large-6\"  >\n\t\t<div class=\"col-inner\"  >\n\t\t\t\n\t\t\t\n<div class=\"video video-fit mb\" style=\"padding-top:56.25%;\"><p><iframe loading=\"lazy\" title=\"World IP Day 2021Propiedad Intelectual y PYMEs: \u201cDe la idea al mercado\u201d\" width=\"1020\" height=\"574\" src=\"https:\/\/www.youtube.com\/embed\/bAE8oQTTRP0?feature=oembed\" frameborder=\"0\" allow=\"accelerometer; autoplay; clipboard-write; encrypted-media; gyroscope; picture-in-picture\" allowfullscreen><\/iframe><\/p>\n<\/div>\n\t\t<\/div>\n\t\t\t<\/div>\n\n\t\n<\/div>\n<div class=\"message-box relative dark\" style=\"padding-top:35px;padding-bottom:35px;\"><div class=\"message-box-bg-image bg-fill fill\" style=\"background-image:url(https:\/\/proveil.es\/blog\/wp-content\/uploads\/2020\/09\/banner-proveil-1024x576.jpg);\"><\/div><div class=\"message-box-bg-overlay bg-fill fill\" style=\"background-color:rgba(22, 70, 130, 0.88);\"><\/div><div class=\"container relative\"><div class=\"inner last-reset\">\n<div class=\"row align-equal align-center\"  id=\"row-1043313919\">\n\n\t<div id=\"col-1330984941\" class=\"col medium-9 small-12 large-9\"  >\n\t\t<div class=\"col-inner\"  >\n\t\t\t\n\t\t\t\n<h2>\u00bfQuiere saber m\u00e1s sobre nuestros filtros PROVEIL<sup>\u00ae<\/sup>?<\/h2>\n\t\t<\/div>\n\t\t\t<\/div>\n\n\t\n\n\t<div id=\"col-947353359\" class=\"col medium-2 small-12 large-2\"  >\n\t\t<div class=\"col-inner text-center\"  >\n\t\t\t\n\t\t\t\n<a rel=\"noopener noreferrer\" href=\"https:\/\/bioinicia.com\/proveil\/\" target=\"_blank\" class=\"button white is-outline is-large\"  style=\"border-radius:99px;\">\n    <span>Descubrir<\/span>\n  <\/a>\n\n\t\t<\/div>\n\t\t\t<\/div>\n\n\t\n<\/div>\n<\/div><\/div><\/div>\n\t<section class=\"section\" id=\"section_787218460\">\n\t\t<div class=\"bg section-bg fill bg-fill  bg-loaded\" >\n\n\t\t\t\n\t\t\t\n\t\t\t\n\n\t\t<\/div>\n\n\t\t<div class=\"section-content relative\">\n\t\t\t\n<div class=\"row align-center\"  id=\"row-1372612891\">\n\n\t<div id=\"col-709982477\" class=\"col medium-3 small-12 large-3\"  >\n\t\t<div class=\"col-inner\"  >\n\t\t\t\n\t\t\t\n<h5 class=\"uppercase\">BioInicia<\/h5>\n<p>C\/ Algepser, 65 (Nave 3)<\/p>\n<p>Parque Empresarial T\u00e1ctica<\/p>\n<p>46980 Paterna (Valencia) Espa\u00f1a<\/p>\n\t\t<\/div>\n\t\t\t<\/div>\n\n\t\n\n\t<div id=\"col-1677405767\" class=\"col medium-3 small-12 large-3\"  >\n\t\t<div class=\"col-inner\"  >\n\t\t\t\n\t\t\t\n<p><iframe loading=\"lazy\" style=\"border: 0;\" tabindex=\"0\" src=\"https:\/\/www.google.com\/maps\/embed?pb=!1m18!1m12!1m3!1d2518.6459288616643!2d-0.4596392738323744!3d39.52177631385511!2m3!1f0!2f0!3f0!3m2!1i1024!2i768!4f13.1!3m3!1m2!1s0x0%3A0x8316c39766c2c786!2sBioinicia%20%7C%20Electrospinning%20%26%20Electrospraying!5e1!3m2!1ses!2ses!4v1599818112639!5m2!1ses!2ses\" width=\"350\" height=\"300\" frameborder=\"0\" allowfullscreen=\"allowfullscreen\" aria-hidden=\"false\"><\/iframe><\/p>\n\t\t<\/div>\n\t\t\t<\/div>\n\n\t\n<\/div>\n\t\t<\/div>\n\n\t\t\n<style>\n#section_787218460 {\n  padding-top: 30px;\n  padding-bottom: 30px;\n}\n<\/style>\n\t<\/section>\n\t\n","protected":false},"excerpt":{"rendered":"","protected":false},"author":311,"featured_media":0,"parent":0,"menu_order":0,"comment_status":"closed","ping_status":"closed","template":"page-blank.php","meta":[],"yoast_head":"<!-- This site is optimized with the Yoast SEO plugin v18.2 - https:\/\/yoast.com\/wordpress\/plugins\/seo\/ -->\n<title>Sobre nosotros -<\/title>\n<meta name=\"robots\" content=\"index, follow, max-snippet:-1, max-image-preview:large, max-video-preview:-1\" \/>\n<link rel=\"canonical\" href=\"https:\/\/proveil.es\/blog\/sobre-nosotros-2\/\" \/>\n<meta property=\"og:locale\" content=\"es_ES\" \/>\n<meta property=\"og:type\" content=\"article\" \/>\n<meta property=\"og:title\" content=\"Sobre nosotros -\" \/>\n<meta property=\"og:url\" content=\"https:\/\/proveil.es\/blog\/sobre-nosotros-2\/\" \/>\n<meta property=\"article:modified_time\" content=\"2021-10-29T10:30:26+00:00\" \/>\n<meta property=\"og:image\" content=\"https:\/\/proveil.es\/wp-content\/uploads\/2020\/09\/mascarilla-medica-2.png\" \/>\n<meta name=\"twitter:card\" content=\"summary\" \/>\n<meta name=\"twitter:site\" content=\"@bioinicia\" \/>\n<meta name=\"twitter:label1\" content=\"Tiempo de lectura\" \/>\n\t<meta name=\"twitter:data1\" content=\"3 minutos\" \/>\n<script type=\"application\/ld+json\" class=\"yoast-schema-graph\">{\"@context\":\"https:\/\/schema.org\",\"@graph\":[{\"@type\":\"Organization\",\"@id\":\"https:\/\/proveil.es\/blog\/#organization\",\"name\":\"BioInicia\",\"url\":\"https:\/\/proveil.es\/blog\/\",\"sameAs\":[\"https:\/\/www.instagram.com\/bioinicia\/?hl=en\",\"https:\/\/www.linkedin.com\/company\/2715089\/admin\/\",\"https:\/\/www.youtube.com\/channel\/UC_nDbEcrhtLCtfjTTZDe-AQ\/videos\",\"https:\/\/twitter.com\/bioinicia\"],\"logo\":{\"@type\":\"ImageObject\",\"@id\":\"https:\/\/proveil.es\/blog\/#logo\",\"inLanguage\":\"es\",\"url\":\"https:\/\/proveil.es\/blog\/wp-content\/uploads\/2020\/09\/proveil-social.jpg\",\"contentUrl\":\"https:\/\/proveil.es\/blog\/wp-content\/uploads\/2020\/09\/proveil-social.jpg\",\"width\":400,\"height\":200,\"caption\":\"BioInicia\"},\"image\":{\"@id\":\"https:\/\/proveil.es\/blog\/#logo\"}},{\"@type\":\"WebSite\",\"@id\":\"https:\/\/proveil.es\/blog\/#website\",\"url\":\"https:\/\/proveil.es\/blog\/\",\"name\":\"\",\"description\":\"\",\"publisher\":{\"@id\":\"https:\/\/proveil.es\/blog\/#organization\"},\"potentialAction\":[{\"@type\":\"SearchAction\",\"target\":{\"@type\":\"EntryPoint\",\"urlTemplate\":\"https:\/\/proveil.es\/blog\/?s={search_term_string}\"},\"query-input\":\"required name=search_term_string\"}],\"inLanguage\":\"es\"},{\"@type\":\"ImageObject\",\"@id\":\"https:\/\/proveil.es\/blog\/sobre-nosotros-2\/#primaryimage\",\"inLanguage\":\"es\",\"url\":\"https:\/\/proveil.es\/wp-content\/uploads\/2020\/09\/mascarilla-medica-2.png\",\"contentUrl\":\"https:\/\/proveil.es\/wp-content\/uploads\/2020\/09\/mascarilla-medica-2.png\"},{\"@type\":\"WebPage\",\"@id\":\"https:\/\/proveil.es\/blog\/sobre-nosotros-2\/#webpage\",\"url\":\"https:\/\/proveil.es\/blog\/sobre-nosotros-2\/\",\"name\":\"Sobre nosotros -\",\"isPartOf\":{\"@id\":\"https:\/\/proveil.es\/blog\/#website\"},\"primaryImageOfPage\":{\"@id\":\"https:\/\/proveil.es\/blog\/sobre-nosotros-2\/#primaryimage\"},\"datePublished\":\"2020-09-11T08:34:30+00:00\",\"dateModified\":\"2021-10-29T10:30:26+00:00\",\"breadcrumb\":{\"@id\":\"https:\/\/proveil.es\/blog\/sobre-nosotros-2\/#breadcrumb\"},\"inLanguage\":\"es\",\"potentialAction\":[{\"@type\":\"ReadAction\",\"target\":[\"https:\/\/proveil.es\/blog\/sobre-nosotros-2\/\"]}]},{\"@type\":\"BreadcrumbList\",\"@id\":\"https:\/\/proveil.es\/blog\/sobre-nosotros-2\/#breadcrumb\",\"itemListElement\":[{\"@type\":\"ListItem\",\"position\":1,\"name\":\"Portada\",\"item\":\"https:\/\/proveil.es\/blog\/\"},{\"@type\":\"ListItem\",\"position\":2,\"name\":\"Sobre nosotros\"}]}]}<\/script>\n<!-- \/ Yoast SEO plugin. -->","yoast_head_json":{"title":"Sobre nosotros -","robots":{"index":"index","follow":"follow","max-snippet":"max-snippet:-1","max-image-preview":"max-image-preview:large","max-video-preview":"max-video-preview:-1"},"canonical":"https:\/\/proveil.es\/blog\/sobre-nosotros-2\/","og_locale":"es_ES","og_type":"article","og_title":"Sobre nosotros -","og_url":"https:\/\/proveil.es\/blog\/sobre-nosotros-2\/","article_modified_time":"2021-10-29T10:30:26+00:00","og_image":[{"url":"https:\/\/proveil.es\/wp-content\/uploads\/2020\/09\/mascarilla-medica-2.png"}],"twitter_card":"summary","twitter_site":"@bioinicia","twitter_misc":{"Tiempo de lectura":"3 minutos"},"schema":{"@context":"https:\/\/schema.org","@graph":[{"@type":"Organization","@id":"https:\/\/proveil.es\/blog\/#organization","name":"BioInicia","url":"https:\/\/proveil.es\/blog\/","sameAs":["https:\/\/www.instagram.com\/bioinicia\/?hl=en","https:\/\/www.linkedin.com\/company\/2715089\/admin\/","https:\/\/www.youtube.com\/channel\/UC_nDbEcrhtLCtfjTTZDe-AQ\/videos","https:\/\/twitter.com\/bioinicia"],"logo":{"@type":"ImageObject","@id":"https:\/\/proveil.es\/blog\/#logo","inLanguage":"es","url":"https:\/\/proveil.es\/blog\/wp-content\/uploads\/2020\/09\/proveil-social.jpg","contentUrl":"https:\/\/proveil.es\/blog\/wp-content\/uploads\/2020\/09\/proveil-social.jpg","width":400,"height":200,"caption":"BioInicia"},"image":{"@id":"https:\/\/proveil.es\/blog\/#logo"}},{"@type":"WebSite","@id":"https:\/\/proveil.es\/blog\/#website","url":"https:\/\/proveil.es\/blog\/","name":"","description":"","publisher":{"@id":"https:\/\/proveil.es\/blog\/#organization"},"potentialAction":[{"@type":"SearchAction","target":{"@type":"EntryPoint","urlTemplate":"https:\/\/proveil.es\/blog\/?s={search_term_string}"},"query-input":"required name=search_term_string"}],"inLanguage":"es"},{"@type":"ImageObject","@id":"https:\/\/proveil.es\/blog\/sobre-nosotros-2\/#primaryimage","inLanguage":"es","url":"https:\/\/proveil.es\/wp-content\/uploads\/2020\/09\/mascarilla-medica-2.png","contentUrl":"https:\/\/proveil.es\/wp-content\/uploads\/2020\/09\/mascarilla-medica-2.png"},{"@type":"WebPage","@id":"https:\/\/proveil.es\/blog\/sobre-nosotros-2\/#webpage","url":"https:\/\/proveil.es\/blog\/sobre-nosotros-2\/","name":"Sobre nosotros -","isPartOf":{"@id":"https:\/\/proveil.es\/blog\/#website"},"primaryImageOfPage":{"@id":"https:\/\/proveil.es\/blog\/sobre-nosotros-2\/#primaryimage"},"datePublished":"2020-09-11T08:34:30+00:00","dateModified":"2021-10-29T10:30:26+00:00","breadcrumb":{"@id":"https:\/\/proveil.es\/blog\/sobre-nosotros-2\/#breadcrumb"},"inLanguage":"es","potentialAction":[{"@type":"ReadAction","target":["https:\/\/proveil.es\/blog\/sobre-nosotros-2\/"]}]},{"@type":"BreadcrumbList","@id":"https:\/\/proveil.es\/blog\/sobre-nosotros-2\/#breadcrumb","itemListElement":[{"@type":"ListItem","position":1,"name":"Portada","item":"https:\/\/proveil.es\/blog\/"},{"@type":"ListItem","position":2,"name":"Sobre nosotros"}]}]}},"_links":{"self":[{"href":"https:\/\/proveil.es\/blog\/wp-json\/wp\/v2\/pages\/431"}],"collection":[{"href":"https:\/\/proveil.es\/blog\/wp-json\/wp\/v2\/pages"}],"about":[{"href":"https:\/\/proveil.es\/blog\/wp-json\/wp\/v2\/types\/page"}],"author":[{"embeddable":true,"href":"https:\/\/proveil.es\/blog\/wp-json\/wp\/v2\/users\/311"}],"replies":[{"embeddable":true,"href":"https:\/\/proveil.es\/blog\/wp-json\/wp\/v2\/comments?post=431"}],"version-history":[{"count":5,"href":"https:\/\/proveil.es\/blog\/wp-json\/wp\/v2\/pages\/431\/revisions"}],"predecessor-version":[{"id":158589,"href":"https:\/\/proveil.es\/blog\/wp-json\/wp\/v2\/pages\/431\/revisions\/158589"}],"wp:attachment":[{"href":"https:\/\/proveil.es\/blog\/wp-json\/wp\/v2\/media?parent=431"}],"curies":[{"name":"wp","href":"https:\/\/api.w.org\/{rel}","templated":true}]}}