{"id":87410,"date":"2021-02-15T13:31:09","date_gmt":"2021-02-15T12:31:09","guid":{"rendered":"https:\/\/proveil.es\/?page_id=87410"},"modified":"2021-02-15T13:36:33","modified_gmt":"2021-02-15T12:36:33","slug":"pedro-duque-y-ximo-puig-proveil","status":"publish","type":"page","link":"https:\/\/proveil.es\/blog\/notas-de-prensa\/pedro-duque-y-ximo-puig-proveil\/","title":{"rendered":"El ministro Pedro Duque y el President Ximo Puig visitan las instalaciones de BIOINICIA y su filial PROVEIL en Paterna (Valencia)"},"content":{"rendered":"<h1 style=\"text-align: center;\"><strong>El ministro Pedro Duque y el President Ximo Puig visitan las instalaciones de BIOINICIA y su filial PROVEIL en Paterna (Valencia)<\/strong><\/h1>\n<p>&nbsp;<\/p>\n<ul>\n<li>Las mascarillas <strong>PROVEIL\u00ae con filtro viricida <\/strong>suponen un <strong>avance en el mundo de las mascarillas gracias a la efectividad<\/strong> del componente viricida encapsulado en su filtro. Se trata de un <strong>producto permitido para contacto alimentario que es parte integrante del filtro<\/strong>, en lugar de ser un simple recubrimiento.<\/li>\n<li><strong>Bioinicia y el CSIC est\u00e1n terminando el desarrollo de mascarillas que permitan una comunicaci\u00f3n visual y la lectura de labios y estos desarrollos se est\u00e1n realizando para la creaci\u00f3n de mascarillas transparentes o transl\u00facidas.<\/strong><\/li>\n<li>La norma UNE-EN 149:2001 + A1:2009, que <strong>actualmente define y regula los EPIs, es absolutamente insuficiente<\/strong> tanto en su <strong>formato COVID-19, FFP2 o FFP3, para su uso por parte de la poblaci\u00f3n en \u00e1mbitos de pandemia.<\/strong> <strong>Por eso Bioinicia y el Consejo Superior de Investigaciones Cient\u00edficas (CSIC), llevan ya tiempo trabajando para definir nuevos protocolos de medida<\/strong> que se puedan incorporar a una norma mejorada. Una norma que realmente describa o sea capaz de analizar y regular el uso espec\u00edfico y particularizado que se pueda dar a estas EPIs <strong>para proteger a la poblaci\u00f3n frente a determinados pat\u00f3genos<\/strong>.<\/li>\n<li>Bioinicia ha comprobado que el <strong>ajuste correcto de la mascarilla es importante para garantizar una protecci\u00f3n \u00f3ptima<\/strong>. Para ello han desarrollado un <strong>estudio antropom\u00e9trico <\/strong>con el Instituto de Biomec\u00e1nica de Valencia (IBV)<strong>, con la finalidad de no ofrecer solo una talla \u00fanica de mascarillas, desarrollando un dise\u00f1o para percentiles de talla m\u00e1s peque\u00f1os como adolescentes o mujeres. <\/strong><strong>A ra\u00edz de este estudio, en los pr\u00f3ximos d\u00edas se va a implementar un sistema sencillo de medici\u00f3n, disponible <\/strong>en la p\u00e1gina web <a href=\"http:\/\/www.proveil.es\">http:\/\/www.proveil.es<\/a>,<strong> para que los usuarios puedan escoger la mascarilla que mejor se ajuste a su fisionom\u00eda <\/strong><\/li>\n<\/ul>\n<p><strong>\u00a0<\/strong><\/p>\n<p>El Ministro de Ciencia e Innovaci\u00f3n, Pedro Duque, el President de la Generalitat Valenciana, Ximo Puig, la Delegada del Gobierno, Gloria Isabel Calero, la consellera de Innovaci\u00f3n, Universidades, Ciencia y Sociedad Digital, Carolina Pascual y el alcalde de Paterna, Juan Antonio Sagredo han recorrido este lunes 15 de febrero las instalaciones de Bionicia, empresa global, con base en Valencia, spin-off del Centro Superior de Investigaciones Cient\u00edficas (CSIC) y que se encuentran desarrollando mascarillas con filtros de nanofibras PROVEIL\u00ae con una filtraci\u00f3n mec\u00e1nica contra la Covid 19 m\u00e1s eficaz que las mascarillas FFP2 convencionales.<\/p>\n<p>Junto a <strong>Jos\u00e9 Mar\u00eda Lagar\u00f3n<\/strong>, Investigador de CSIC y l\u00edder del grupo de investigadores que ha desarrollado junto a Bioinicia el filtro de nanofibras PROVEIL\u00ae, Duque ha conocido de primera mano los avances en materia de protecci\u00f3n contra la actual pandemia como <strong>las mascarillas PROVEIL\u00ae con propiedades viricida<\/strong>\u00a0con las que se pretende proteger al m\u00e1ximo a la poblaci\u00f3n de la Covid 19, as\u00ed como todos los <strong>nuevos desarrollos I+D<\/strong> que est\u00e1n llevando a cabo en la sede de la empresa valenciana.<\/p>\n<p><strong>Lagar\u00f3n <\/strong>se ha mostrado orgulloso de que \u201chayan venido a visitar desde el Ministerio de Ciencia y desde la Generalitat Valenciana a nuestra f\u00e1brica donde les hemos podido ense\u00f1ar y se han quedado muy gratamente sorprendidos de ver c\u00f3mo un equipo de investigadores ha conseguido transferir la tecnolog\u00eda que hemos desarrollado de nanofibras, y convertirla en una generaci\u00f3n completamente nueva de productos totalmente espa\u00f1oles de EPIs (equipos de protecci\u00f3n individual) que est\u00e1 ayudando a prevenir contra la Covid 19. Les ha interesado mucho ver como hab\u00edamos sido capaces de llegar a desarrollar un filtro desde cero y en tan poco tiempo y se han quedado muy sorprendidos de que hayamos sido capaces de instalarlo tan r\u00e1pidamente\u201d.<\/p>\n\n  <div class=\"banner has-hover\" id=\"banner-1928897725\">\n          <div class=\"banner-inner fill\">\n        <div class=\"banner-bg fill\" 0>\n            <div class=\"bg fill bg-fill \"><\/div>\n                                    \n                    <\/div>\n        <div class=\"banner-layers container\">\n            <div class=\"fill banner-link\"><\/div>               <div id=\"text-box-1804799466\" class=\"text-box banner-layer x50 md-x50 lg-x50 y50 md-y50 lg-y50 res-text\">\n                                <div class=\"text dark\">\n              \n              <div class=\"text-inner text-center\">\n                  \n              <\/div>\n           <\/div>\n                            \n<style>\n#text-box-1804799466 {\n  width: 60%;\n}\n#text-box-1804799466 .text {\n  font-size: 100%;\n}\n<\/style>\n    <\/div>\n          <\/div>\n      <\/div>\n\n            \n<style>\n#banner-1928897725 {\n  padding-top: 500px;\n}\n#banner-1928897725 .bg.bg-loaded {\n  background-image: url(https:\/\/proveil.es\/wp-content\/uploads\/2021\/02\/FOTO_BIOINICIA_3.jpg);\n}\n<\/style>\n  <\/div>\n\n\n<p>&nbsp;<\/p>\n<h2><strong>Filtro viricida inocuo<\/strong><\/h2>\n<p>Duque y Puig junto al resto de autoridades han podido conocer durante su visita las mascarillas <strong>PROVEIL\u00ae con propiedades viricida <\/strong>que suponen un <strong>avance en el mundo de las mascarillas gracias a la efectividad<\/strong> de las propiedades viricida que se encuentra en su filtro. Esto se debe a que, seg\u00fan los estudios, un <strong>buen viricida en una mascarilla funciona de manera m\u00e1s eficiente en el interior de la misma<\/strong>, en el <strong>filtro<\/strong>, que es donde se quedan atrapados los aerosoles infectivos.<\/p>\n<p><strong>Se trata de un producto que act\u00faa por contacto en el filtro<\/strong>. Este es el motivo por el que Bionicia ha decidido que el viricida est\u00e9 integrado dentro del material, en lugar de que se use como un recubrimiento.<\/p>\n<p>Idealmente el viricida deber\u00eda de ser un material s\u00f3lido no inhalable, de amplio espectro de acci\u00f3n contra microorganismos, que est\u00e9 permitido para contacto alimentario, que tenga una alta pureza y que sea de grado farmac\u00e9utico. Bioinicia ha utilizado para el filtro de sus mascarillas, un componente que cumple con todas estas caracter\u00edsticas. Adicionalmente, el componente viricida debe de ser lo m\u00e1s seguro posible y no puede usarse en concentraciones superiores a aquellas consideradas como citot\u00f3xicas o t\u00f3xicas para las personas, incluso hasta en el caso extremo en el que se ingiriese la mascarilla.<\/p>\n<h2><strong>Nuevos est\u00e1ndares para EPIs entre los nuevos proyectos I+D<\/strong><\/h2>\n<p>Otro de los momentos m\u00e1s interesantes ha sido la <strong>visita del ministro y el resto de autoridades al espacio I+D<\/strong> donde Jos\u00e9 Mar\u00eda Lagar\u00f3n les ha podido explicar los <strong>nuevos desarrollos que se est\u00e1n realizando en conjunto con el CSIC,<\/strong> as\u00ed como el trabajo de definir los que ser\u00e1n los <strong>nuevos est\u00e1ndares para las EPIs.<\/strong><\/p>\n<p>Desde Bioinicia ya han comenzado a llamar a estos nuevos desarrollos <strong>EPIs FFP4<\/strong>, debido a que estos proyectos implican un exhaustivo estudio de aspectos de sostenibilidad y una selecci\u00f3n de materiales seguros y multifuncionales, que puedan garantizar que al utilizar una mascarilla no haya potencial inhalaci\u00f3n de sustancias t\u00f3xicas ni infectivas.<\/p>\n<p>Desde la empresa se est\u00e1 trabajando en <strong>desarrollar materiales <\/strong>que puedan servir tambi\u00e9n para mascarillas que permitan una comunicaci\u00f3n visual y la lectura de labios; estos desarrollos se est\u00e1n realizando para la <strong>creaci\u00f3n de mascarillas transparentes o transl\u00facidas.<\/strong> Al mismo tiempo, Bioinicia se encuentra centrada en proyectos que tienen que ver con <strong>filtraciones selectivas<\/strong>, para que las <strong>mascarillas filtren al 100% todo tipo de part\u00edculas con dimensiones por encima de determinados tama\u00f1os considerados como cr\u00edticos<\/strong>. Esto significa, que se est\u00e1 trabajando no solo para obtener una filtraci\u00f3n media de part\u00edculas con un valor u otro, sino que tienen el foco puesto en obtener una capacidad de filtraci\u00f3n al 100% de todas aquellas part\u00edculas con tama\u00f1os determinados, siendo muy selectivos.<\/p>\n<h2><strong>Ajuste de mascarillas, un plus en seguridad<\/strong><\/h2>\n<p>Una de las principales preocupaciones de Bioinicia es el tema del <strong>ajuste correcto de las mascarillas para garantizar una protecci\u00f3n \u00f3ptima<\/strong>. Por este motivo se est\u00e1 trabajando en mejorar el ajuste de sus EPIs. Seg\u00fan han comprobado desde Bioinicia, la manera m\u00e1s eficaz de conseguir eso consiste en poder <strong>tener diferentes tallas a disposici\u00f3n de la poblaci\u00f3n y que la gente pueda medirse y pueda elegir aquella talla<\/strong> que le resulte mejor en t\u00e9rminos de ajuste, seguridad y confort.<\/p>\n<p>Para ello se ha llevado a cabo un <strong>estudio en colaboraci\u00f3n con el Instituto de Biomec\u00e1nica de Valencia (IBV)<\/strong>. El objetivo de dicho estudio ha sido precisamente el de encontrar unos est\u00e1ndares de medici\u00f3n, fijaci\u00f3n y confort para ofrecer el m\u00e1ximo de protecci\u00f3n posible a aquellas personas que usando una EPI convencional no se sintieran del todo c\u00f3modas o que, por ejemplo, se dieran cuenta de que usando una EPI de tama\u00f1o est\u00e1ndar exista demasiado espacio entre la mascarilla misma y la cara. Es sabido que a trav\u00e9s de ese espacio puede seguir pasando aire no filtrado y que ese aire puede dejar expuesto al usuario a un contagio por aerosoles.<\/p>\n<p>Uno de los resultados del estudio realizado en colaboraci\u00f3n con el IBV, ha facilitado una <strong>herramienta que se va a implementar<\/strong> pr\u00f3ximamente en la p\u00e1gina web <a href=\"http:\/\/www.proveil.es\">http:\/\/www.proveil.es<\/a> mediante la cual <strong>se podr\u00e1 escoger, entre diferentes tallas de mascarillas PROVEIL\u00ae,<\/strong> la que mejor se ajuste a cada fisionom\u00eda.<\/p>\n<h2><strong>Normativa sobre EPIs. Insuficiente y no actualizada<\/strong><\/h2>\n<p>Una de las cuestiones que se ha tratado durante la visita de las autoridades se ha centrado en la <strong>necesidad de revisar y actualizar la normativa vigente en cuestiones de protecci\u00f3n personal<\/strong> ya que \u00e9sta es insuficiente y no est\u00e1 actualizada.\u00a0 Para Bioinicia la norma UNE-EN 149:2001 + A1:2009, que es la que <strong>actualmente define y regula los EPIs, es absolutamente insuficiente<\/strong> tanto para en su <strong>formato COVID-19, FFP2 o FFP3, para situaciones de uso generalizado por parte de la poblaci\u00f3n, como en una pandemia, y tampoco contempla las propiedades y mejoras que aportan los nuevos filtros de nanofibras<\/strong>.<\/p>\n<p>Por este motivo <strong>desde Bioinicia, se lleva ya tiempo trabajando para definir nuevos protocolos de medida<\/strong> que se puedan incorporar a una norma mejorada. Una norma que realmente describa o sea capaz de analizar y regular el uso espec\u00edfico y particularizado que se pueda dar a estas EPIs <strong>para proteger a la poblaci\u00f3n frente a determinados pat\u00f3genos<\/strong>.<\/p>\n<p>Hay una multitud de ensayos que la norma actualmente no considera, por tanto, seg\u00fan el propio Lagar\u00f3n ha afirmado, <em>\u201ca nosotros nos hace mucha gracia cuando leemos declaraciones o comentarios sobre si <strong>es mejor una FFP2 respecto a una mascarilla COVID-19<\/strong>. Ninguna de las EPIs que actualmente est\u00e1n reguladas por la <\/em>UNE-EN 149:2001 + A1:2009<em>, est\u00e1n optimizadas para el uso que actualmente les estamos dando, las mascarillas PROVEIL est\u00e1n sin embargo ingenierizadas buscando la protecci\u00f3n \u00f3ptima frente a la COVID-19.\u201d<\/em><\/p>\n<p><strong>Adem\u00e1s, la norma solo analiza y regula un tama\u00f1o est\u00e1ndar de mascarilla y evidentemente, esa medida es un tama\u00f1o que puede o no puede ajustarse a las necesidades de percentiles diferentes de la poblaci\u00f3n.<\/strong> Por otro lado, la norma a d\u00eda de hoy no contempla aspectos como niveles de filtraci\u00f3n selectivos con eficacias del 100%, nuevos dise\u00f1os, desinfecci\u00f3n, reutilizaci\u00f3n, propiedades antimicrobianas, biodegradabilidad, requisitos de l\u00edmite de contaminantes en los materiales o esterilidad en la fabricaci\u00f3n. \u00a0Estos son solo algunos aspectos de c\u00f3mo deber\u00eda mejorarse la normativa vigente, que <strong>s\u00ed se est\u00e1n teniendo en cuenta en los estudios de Bioinicia con el CSIC.<\/strong><\/p>\n<p>&nbsp;<\/p>\n<p><strong>M\u00c1S INFORMACI\u00d3N, ENTREVISTAS Y CONTACTO<\/strong><\/p>\n<p>Susana Remoh\u00ed<\/p>\n<p><a href=\"mailto:susana@agenciaop.es\">susana@agenciaop.es<\/a><\/p>\n<p>Tel: 655840535<\/p>\n<p>Hugo Rom\u00e1n<\/p>\n<p><a href=\"mailto:hugo@agenciaop.es\">hugo@agenciaop.es<\/a><\/p>\n<p>Tel: 610801941<\/p>\n","protected":false},"excerpt":{"rendered":"<p>El ministro Pedro Duque y el President Ximo Puig visitan las instalaciones de BIOINICIA y su filial PROVEIL en Paterna (Valencia) &nbsp; Las mascarillas PROVEIL\u00ae con filtro viricida suponen un avance en el mundo de las mascarillas gracias a la efectividad del componente viricida encapsulado en su filtro. Se trata de un producto permitido para [&#8230;]\n","protected":false},"author":1771,"featured_media":87411,"parent":34476,"menu_order":0,"comment_status":"closed","ping_status":"closed","template":"","meta":[],"yoast_head":"<!-- This site is optimized with the Yoast SEO plugin v18.2 - https:\/\/yoast.com\/wordpress\/plugins\/seo\/ -->\n<title>El ministro Pedro Duque y el President Ximo Puig visitan las instalaciones de BIOINICIA y su filial PROVEIL en Paterna (Valencia) -<\/title>\n<meta name=\"robots\" content=\"index, follow, max-snippet:-1, max-image-preview:large, max-video-preview:-1\" \/>\n<link rel=\"canonical\" href=\"https:\/\/proveil.es\/blog\/notas-de-prensa\/pedro-duque-y-ximo-puig-proveil\/\" \/>\n<meta property=\"og:locale\" content=\"es_ES\" \/>\n<meta property=\"og:type\" content=\"article\" \/>\n<meta property=\"og:title\" content=\"El ministro Pedro Duque y el President Ximo Puig visitan las instalaciones de BIOINICIA y su filial PROVEIL en Paterna (Valencia) -\" \/>\n<meta property=\"og:description\" content=\"El ministro Pedro Duque y el President Ximo Puig visitan las instalaciones de BIOINICIA y su filial PROVEIL en Paterna (Valencia) &nbsp; Las mascarillas PROVEIL\u00ae con filtro viricida suponen un avance en el mundo de las mascarillas gracias a la efectividad del componente viricida encapsulado en su filtro. Se trata de un producto permitido para [...]\" \/>\n<meta property=\"og:url\" content=\"https:\/\/proveil.es\/blog\/notas-de-prensa\/pedro-duque-y-ximo-puig-proveil\/\" \/>\n<meta property=\"article:modified_time\" content=\"2021-02-15T12:36:33+00:00\" \/>\n<meta property=\"og:image\" content=\"https:\/\/proveil.es\/blog\/wp-content\/uploads\/2021\/02\/FOTO_BIOINICIA_3.jpg\" \/>\n\t<meta property=\"og:image:width\" content=\"1920\" \/>\n\t<meta property=\"og:image:height\" content=\"1080\" \/>\n\t<meta property=\"og:image:type\" content=\"image\/jpeg\" \/>\n<meta name=\"twitter:card\" content=\"summary\" \/>\n<meta name=\"twitter:site\" content=\"@bioinicia\" \/>\n<meta name=\"twitter:label1\" content=\"Tiempo de lectura\" \/>\n\t<meta name=\"twitter:data1\" content=\"8 minutos\" \/>\n<script type=\"application\/ld+json\" class=\"yoast-schema-graph\">{\"@context\":\"https:\/\/schema.org\",\"@graph\":[{\"@type\":\"Organization\",\"@id\":\"https:\/\/proveil.es\/blog\/#organization\",\"name\":\"BioInicia\",\"url\":\"https:\/\/proveil.es\/blog\/\",\"sameAs\":[\"https:\/\/www.instagram.com\/bioinicia\/?hl=en\",\"https:\/\/www.linkedin.com\/company\/2715089\/admin\/\",\"https:\/\/www.youtube.com\/channel\/UC_nDbEcrhtLCtfjTTZDe-AQ\/videos\",\"https:\/\/twitter.com\/bioinicia\"],\"logo\":{\"@type\":\"ImageObject\",\"@id\":\"https:\/\/proveil.es\/blog\/#logo\",\"inLanguage\":\"es\",\"url\":\"https:\/\/proveil.es\/blog\/wp-content\/uploads\/2020\/09\/proveil-social.jpg\",\"contentUrl\":\"https:\/\/proveil.es\/blog\/wp-content\/uploads\/2020\/09\/proveil-social.jpg\",\"width\":400,\"height\":200,\"caption\":\"BioInicia\"},\"image\":{\"@id\":\"https:\/\/proveil.es\/blog\/#logo\"}},{\"@type\":\"WebSite\",\"@id\":\"https:\/\/proveil.es\/blog\/#website\",\"url\":\"https:\/\/proveil.es\/blog\/\",\"name\":\"\",\"description\":\"\",\"publisher\":{\"@id\":\"https:\/\/proveil.es\/blog\/#organization\"},\"potentialAction\":[{\"@type\":\"SearchAction\",\"target\":{\"@type\":\"EntryPoint\",\"urlTemplate\":\"https:\/\/proveil.es\/blog\/?s={search_term_string}\"},\"query-input\":\"required name=search_term_string\"}],\"inLanguage\":\"es\"},{\"@type\":\"ImageObject\",\"@id\":\"https:\/\/proveil.es\/blog\/notas-de-prensa\/pedro-duque-y-ximo-puig-proveil\/#primaryimage\",\"inLanguage\":\"es\",\"url\":\"https:\/\/proveil.es\/blog\/wp-content\/uploads\/2021\/02\/FOTO_BIOINICIA_3.jpg\",\"contentUrl\":\"https:\/\/proveil.es\/blog\/wp-content\/uploads\/2021\/02\/FOTO_BIOINICIA_3.jpg\",\"width\":1920,\"height\":1080,\"caption\":\"Pedro Duque y Ximo Puig en Proveil\"},{\"@type\":\"WebPage\",\"@id\":\"https:\/\/proveil.es\/blog\/notas-de-prensa\/pedro-duque-y-ximo-puig-proveil\/#webpage\",\"url\":\"https:\/\/proveil.es\/blog\/notas-de-prensa\/pedro-duque-y-ximo-puig-proveil\/\",\"name\":\"El ministro Pedro Duque y el President Ximo Puig visitan las instalaciones de BIOINICIA y su filial PROVEIL en Paterna (Valencia) -\",\"isPartOf\":{\"@id\":\"https:\/\/proveil.es\/blog\/#website\"},\"primaryImageOfPage\":{\"@id\":\"https:\/\/proveil.es\/blog\/notas-de-prensa\/pedro-duque-y-ximo-puig-proveil\/#primaryimage\"},\"datePublished\":\"2021-02-15T12:31:09+00:00\",\"dateModified\":\"2021-02-15T12:36:33+00:00\",\"breadcrumb\":{\"@id\":\"https:\/\/proveil.es\/blog\/notas-de-prensa\/pedro-duque-y-ximo-puig-proveil\/#breadcrumb\"},\"inLanguage\":\"es\",\"potentialAction\":[{\"@type\":\"ReadAction\",\"target\":[\"https:\/\/proveil.es\/blog\/notas-de-prensa\/pedro-duque-y-ximo-puig-proveil\/\"]}]},{\"@type\":\"BreadcrumbList\",\"@id\":\"https:\/\/proveil.es\/blog\/notas-de-prensa\/pedro-duque-y-ximo-puig-proveil\/#breadcrumb\",\"itemListElement\":[{\"@type\":\"ListItem\",\"position\":1,\"name\":\"Portada\",\"item\":\"https:\/\/proveil.es\/blog\/\"},{\"@type\":\"ListItem\",\"position\":2,\"name\":\"Notas de Prensa\",\"item\":\"https:\/\/proveil.es\/blog\/notas-de-prensa\/\"},{\"@type\":\"ListItem\",\"position\":3,\"name\":\"El ministro Pedro Duque y el President Ximo Puig visitan las instalaciones de BIOINICIA y su filial PROVEIL en Paterna (Valencia)\"}]}]}<\/script>\n<!-- \/ Yoast SEO plugin. -->","yoast_head_json":{"title":"El ministro Pedro Duque y el President Ximo Puig visitan las instalaciones de BIOINICIA y su filial PROVEIL en Paterna (Valencia) -","robots":{"index":"index","follow":"follow","max-snippet":"max-snippet:-1","max-image-preview":"max-image-preview:large","max-video-preview":"max-video-preview:-1"},"canonical":"https:\/\/proveil.es\/blog\/notas-de-prensa\/pedro-duque-y-ximo-puig-proveil\/","og_locale":"es_ES","og_type":"article","og_title":"El ministro Pedro Duque y el President Ximo Puig visitan las instalaciones de BIOINICIA y su filial PROVEIL en Paterna (Valencia) -","og_description":"El ministro Pedro Duque y el President Ximo Puig visitan las instalaciones de BIOINICIA y su filial PROVEIL en Paterna (Valencia) &nbsp; Las mascarillas PROVEIL\u00ae con filtro viricida suponen un avance en el mundo de las mascarillas gracias a la efectividad del componente viricida encapsulado en su filtro. Se trata de un producto permitido para [...]","og_url":"https:\/\/proveil.es\/blog\/notas-de-prensa\/pedro-duque-y-ximo-puig-proveil\/","article_modified_time":"2021-02-15T12:36:33+00:00","og_image":[{"width":1920,"height":1080,"url":"https:\/\/proveil.es\/blog\/wp-content\/uploads\/2021\/02\/FOTO_BIOINICIA_3.jpg","type":"image\/jpeg"}],"twitter_card":"summary","twitter_site":"@bioinicia","twitter_misc":{"Tiempo de lectura":"8 minutos"},"schema":{"@context":"https:\/\/schema.org","@graph":[{"@type":"Organization","@id":"https:\/\/proveil.es\/blog\/#organization","name":"BioInicia","url":"https:\/\/proveil.es\/blog\/","sameAs":["https:\/\/www.instagram.com\/bioinicia\/?hl=en","https:\/\/www.linkedin.com\/company\/2715089\/admin\/","https:\/\/www.youtube.com\/channel\/UC_nDbEcrhtLCtfjTTZDe-AQ\/videos","https:\/\/twitter.com\/bioinicia"],"logo":{"@type":"ImageObject","@id":"https:\/\/proveil.es\/blog\/#logo","inLanguage":"es","url":"https:\/\/proveil.es\/blog\/wp-content\/uploads\/2020\/09\/proveil-social.jpg","contentUrl":"https:\/\/proveil.es\/blog\/wp-content\/uploads\/2020\/09\/proveil-social.jpg","width":400,"height":200,"caption":"BioInicia"},"image":{"@id":"https:\/\/proveil.es\/blog\/#logo"}},{"@type":"WebSite","@id":"https:\/\/proveil.es\/blog\/#website","url":"https:\/\/proveil.es\/blog\/","name":"","description":"","publisher":{"@id":"https:\/\/proveil.es\/blog\/#organization"},"potentialAction":[{"@type":"SearchAction","target":{"@type":"EntryPoint","urlTemplate":"https:\/\/proveil.es\/blog\/?s={search_term_string}"},"query-input":"required name=search_term_string"}],"inLanguage":"es"},{"@type":"ImageObject","@id":"https:\/\/proveil.es\/blog\/notas-de-prensa\/pedro-duque-y-ximo-puig-proveil\/#primaryimage","inLanguage":"es","url":"https:\/\/proveil.es\/blog\/wp-content\/uploads\/2021\/02\/FOTO_BIOINICIA_3.jpg","contentUrl":"https:\/\/proveil.es\/blog\/wp-content\/uploads\/2021\/02\/FOTO_BIOINICIA_3.jpg","width":1920,"height":1080,"caption":"Pedro Duque y Ximo Puig en Proveil"},{"@type":"WebPage","@id":"https:\/\/proveil.es\/blog\/notas-de-prensa\/pedro-duque-y-ximo-puig-proveil\/#webpage","url":"https:\/\/proveil.es\/blog\/notas-de-prensa\/pedro-duque-y-ximo-puig-proveil\/","name":"El ministro Pedro Duque y el President Ximo Puig visitan las instalaciones de BIOINICIA y su filial PROVEIL en Paterna (Valencia) -","isPartOf":{"@id":"https:\/\/proveil.es\/blog\/#website"},"primaryImageOfPage":{"@id":"https:\/\/proveil.es\/blog\/notas-de-prensa\/pedro-duque-y-ximo-puig-proveil\/#primaryimage"},"datePublished":"2021-02-15T12:31:09+00:00","dateModified":"2021-02-15T12:36:33+00:00","breadcrumb":{"@id":"https:\/\/proveil.es\/blog\/notas-de-prensa\/pedro-duque-y-ximo-puig-proveil\/#breadcrumb"},"inLanguage":"es","potentialAction":[{"@type":"ReadAction","target":["https:\/\/proveil.es\/blog\/notas-de-prensa\/pedro-duque-y-ximo-puig-proveil\/"]}]},{"@type":"BreadcrumbList","@id":"https:\/\/proveil.es\/blog\/notas-de-prensa\/pedro-duque-y-ximo-puig-proveil\/#breadcrumb","itemListElement":[{"@type":"ListItem","position":1,"name":"Portada","item":"https:\/\/proveil.es\/blog\/"},{"@type":"ListItem","position":2,"name":"Notas de Prensa","item":"https:\/\/proveil.es\/blog\/notas-de-prensa\/"},{"@type":"ListItem","position":3,"name":"El ministro Pedro Duque y el President Ximo Puig visitan las instalaciones de BIOINICIA y su filial PROVEIL en Paterna (Valencia)"}]}]}},"_links":{"self":[{"href":"https:\/\/proveil.es\/blog\/wp-json\/wp\/v2\/pages\/87410"}],"collection":[{"href":"https:\/\/proveil.es\/blog\/wp-json\/wp\/v2\/pages"}],"about":[{"href":"https:\/\/proveil.es\/blog\/wp-json\/wp\/v2\/types\/page"}],"author":[{"embeddable":true,"href":"https:\/\/proveil.es\/blog\/wp-json\/wp\/v2\/users\/1771"}],"replies":[{"embeddable":true,"href":"https:\/\/proveil.es\/blog\/wp-json\/wp\/v2\/comments?post=87410"}],"version-history":[{"count":5,"href":"https:\/\/proveil.es\/blog\/wp-json\/wp\/v2\/pages\/87410\/revisions"}],"predecessor-version":[{"id":87424,"href":"https:\/\/proveil.es\/blog\/wp-json\/wp\/v2\/pages\/87410\/revisions\/87424"}],"up":[{"embeddable":true,"href":"https:\/\/proveil.es\/blog\/wp-json\/wp\/v2\/pages\/34476"}],"wp:featuredmedia":[{"embeddable":true,"href":"https:\/\/proveil.es\/blog\/wp-json\/wp\/v2\/media\/87411"}],"wp:attachment":[{"href":"https:\/\/proveil.es\/blog\/wp-json\/wp\/v2\/media?parent=87410"}],"curies":[{"name":"wp","href":"https:\/\/api.w.org\/{rel}","templated":true}]}}